it of f?
2
Suppose 224*m + 58448 = 3*d + 226*m, -5*d + 5*m + 97405 = 0. What is the thousands digit of d?
9
Let c = 455 + -451. Suppose c*d - w - w - 4306 = 0, 3*w = 5*d - 5384. What is the tens digit of d?
7
Let r be (1*(7 - 7))/((-4)/(-2)). Let n = 337 + r. What is the units digit of n?
7
What is the thousands digit of 1/(-10) + 295871/3*276/920?
9
Let k(m) = -3*m**3 - 18*m - 16 + 7*m**3 - 3*m**3 - m**2. Let s be k(-9). What is the units digit of (s + -5)*(-1)/3?
3
Let i(w) = -w**2 + 14*w - 46. Let k be i(7). Suppose 12 - 21 = 3*n, 0 = k*l + 3*n - 1305. What is the tens digit of l?
3
Suppose 5*h - 320 = 4*h. Let l = h - 69. What is the hundreds digit of l?
2
Suppose -4*k + j + 4 = -3, k - 2*j - 7 = 0. Let s be 52 + k*(4 + -2). What is the tens digit of 2994/s - (-8)/(-18)?
5
Suppose -6*w = 3*m - 4*w - 32, 5*m - w - 36 = 0. Let h = 43 + -31. Let p = h - m. What is the units digit of p?
4
Let t(k) = 3*k**3 - 62*k**2 - 10*k + 11. What is the units digit of t(25)?
6
Let p(c) = -1723*c + 1722*c + 9 + 10. Let a(q) = -q**2 - 3*q + 7. Let u be a(-7). What is the units digit of p(u)?
0
Suppose -r - 718 + 721 = 0. Suppose r*h - 34*q - 4889 = -35*q, 0 = h + q - 1631. What is the tens digit of h?
2
Suppose 7*n + 5*n - 2784 = -2*t, 2*n = t - 1400. What is the hundreds digit of t?
3
Let f = 312 + -299. Suppose 2239 = f*g - 244. What is the tens digit of g?
9
Let y(m) be the third derivative of m**6/8 + m**5/60 + m**4/12 - m**3/3 - m**2. Let k be y(2). What is the units digit of (-7)/(k/(-3228)) + (-2)/6?
9
Let t be (-18)/(7/((-350)/(-15))). Let a = -231 + t. What is the tens digit of 8/(-12)*a/2?
9
What is the thousands digit of (-10377)/45*(-19 + -1)?
4
Let y = -209 - -6226. What is the units digit of y?
7
Let w be (-2)/(-9) - 4/18. Suppose 5*m + w*m = 15. Suppose -m*i - 2*i = -f + 80, 5*f = i + 328. What is the tens digit of f?
6
Let m(b) = -b**3 - 4*b**2 - 3*b - 33. Let c be m(0). What is the units digit of 686 - (c/(-7) + (-52)/(-182))?
1
Suppose -130214 = -502*i + 500*i. What is the units digit of i?
7
Let n = 2515 - 1743. Suppose 5*g = d + 19, 2*g + 7*d - 3*d = 12. Suppose r + 4*q + 75 = 293, -n = -g*r + 4*q. What is the hundreds digit of r?
1
Let g(t) = -27*t**3 + 9*t**2 - 2*t - 71. What is the thousands digit of g(-8)?
4
Let c(a) be the third derivative of -a**6/120 - a**4/24 + a**3/6 - 13*a**2. Let q be c(-2). Suppose k - q - 145 = 0. What is the tens digit of k?
5
Let q = -48 - -48. Suppose q = -5*o + 3*x + 1029 + 167, o - 232 = 3*x. Let u = o - 83. What is the tens digit of u?
5
Suppose 2*h + 3*q = 74501, 0 = 29*h - 27*h - 2*q - 74506. What is the ten thousands digit of h?
3
Let j = 3271 + 673. Let c = j + -2701. What is the thousands digit of c?
1
Let a = -36 - -31. Let v be a*(-1 + (-15)/(-25)). Suppose w + 56 = 4*s, -2*w + 38 = -v*s + 4*s. What is the tens digit of s?
1
Let n(q) = -14 + 3*q**2 + 17*q + 16 + 0*q**2 + 0*q**2. Let j be n(-9). Suppose j = -39*z + 43*z. What is the tens digit of z?
2
Suppose -5*j + 31 - 6 = 0. Suppose -2*r - j*s + 174 = 0, -3*s + 91 + 152 = 3*r. Let h = 148 - r. What is the units digit of h?
1
Let y(k) = 2*k**3 - 23*k**2 - k - 20. Let z(m) = -2*m**3 + 24*m**2 + 2*m + 21. Let s(v) = 6*y(v) + 5*z(v). What is the units digit of s(10)?
5
Suppose -3*u = 2*h + 1, -4*u = 5*h - 6 - 2. Suppose h*w + 10 = -5*d, 5*d - d = 4*w - 8. What is the hundreds digit of 2 + (-872)/(-2 + d)?
2
Suppose 15*y + 52808 = 22*y. What is the thousands digit of y?
7
Suppose 3*o - 4*o + 3 = 0. Suppose -3*y + 5*p = -48 + 8, -o*p = 2*y + 5. Suppose -r = y*x - 0*r - 203, -3*x + 3*r + 111 = 0. What is the units digit of x?
0
Suppose -2307 = -2*q - o, -5*q + 2*o + 5765 = 4*o. What is the thousands digit of q?
1
Let z = 139 + 53. Let f = z + 571. What is the hundreds digit of f?
7
Suppose 249*j = 254*j + 3*q - 84440, 4*q = 3*j - 50693. What is the hundreds digit of j?
8
Let l(v) = -17*v**3 - 4*v + 2. Suppose -3*x - 26 = -5*s, -5*x - 2 = -10*x - 3*s. What is the hundreds digit of l(x)?
1
Let o(z) = -4412*z**3 - 5*z**2 - 26*z - 43. What is the tens digit of o(-2)?
8
Let f(r) = -2*r + 57. Let c be f(16). Suppose -w = 4*j - 2*j - 51, c = 5*j. What is the units digit of w?
1
Let h(j) = -94*j - 654. What is the hundreds digit of h(-16)?
8
Let h(j) be the second derivative of 5*j**4/12 - 23*j**3/3 - 227*j**2/2 + 4*j + 23. What is the tens digit of h(25)?
4
Let y = 23013 + 9418. What is the thousands digit of y?
2
Let j be 1/(-3) - (-5210)/6. Suppose -5*f = -j - 962. What is the tens digit of f?
6
Let o(v) = -3*v - 8. Let l(n) = n. Suppose 0 = i - 0 + 10. Let y(x) = i*l(x) + 2*o(x). What is the units digit of y(-4)?
8
Suppose 0 = -5*g + 3*c + 124606, -99682 = 116*g - 120*g + 2*c. What is the hundreds digit of g?
9
Let t = 247 + -110. Suppose 3*v - 30 = -348. Let b = t + v. What is the tens digit of b?
3
Let g = -13504 + 20482. What is the units digit of g?
8
Suppose -5*t + 7 = 12. Let i be 2 + (0 - t) + 15. Suppose h - i = -3*x, -2*x + 73 = 5*h - 43. What is the tens digit of h?
2
Suppose 101*n - 218907 = 88*n. What is the thousands digit of n?
6
Let v be ((-20)/(-6))/((-1)/(-15)). Let w(h) = 2*h**2 + 143*h + 561. Let s be w(-66). Let i = v - s. What is the tens digit of i?
1
Suppose 3*d - a + 1 = 0, 4*d - 4*a - 10 = 6*d. What is the tens digit of 5/(1 - ((-65)/70)/d)?
7
Suppose 4*i + 12 = -4. Let j = -112 - -133. What is the hundreds digit of (i + 1 + j - -3)*5?
1
Let d(a) = -2*a**2 + 26*a - 2. Let r be d(13). Let p be 7/(-1 - 0/r). What is the units digit of -8*p/(-4)*-10?
0
Let y(o) = o**3 - o**2 - 29*o + 19. Let a be y(6). Suppose 29*q - 35100 = -a*q. What is the hundreds digit of q?
6
Let y(a) = 29*a + 2763. What is the hundreds digit of y(22)?
4
Suppose 5*y - 10 = 0, x + 3*x - 46 = -5*y. Suppose u - 4*l = 66, -u + 85 = 3*l - x. Let i = -45 + u. What is the tens digit of i?
3
Suppose 4*h - 4*u - 4 = 0, -6*u + 9 = -3*u. Suppose h*f + 6 = 14. Suppose 2*m - 456 = 2*b, 4*b + b = -f*m + 463. What is the hundreds digit of m?
2
Let m(d) = 9*d**2 - 6*d**2 + 0*d + 2*d - 10*d + 6. Let f be m(2). Suppose f*z = 9*z - 1204. What is the hundreds digit of z?
1
Let l(n) be the third derivative of 14*n**4/3 + 9*n**3 + 2*n**2 - 33. What is the tens digit of l(5)?
1
Let j = -221 - -158. Let d = j + 18. Let q = d + 115. What is the tens digit of q?
7
Suppose 55*d + 137818 = 734898. What is the tens digit of d?
5
Suppose 0*q = 5*v - 5*q - 200, 4*q = v - 31. Suppose -v*j + 5565 = -36*j. What is the hundreds digit of j?
7
Let r(b) = b**2 + 6*b - 2. Let x be r(1). Let n(m) = -1 + 45 - 1 + x*m - 6*m. What is the units digit of n(9)?
4
Suppose -27*u + 1102 = 427. Suppose -u*x + 15115 = -1135. What is the units digit of x?
0
Let g = 403 - 10. Suppose g = 3*q - 333. What is the units digit of q?
2
Let m(v) = -9*v + 53 - 18*v**2 + 17*v - 19*v + v**3. What is the tens digit of m(19)?
0
Let r(m) = -5*m**2 + 10*m - 11. Let g be r(2). Let v(n) = 2*n**2 - 42*n + 22. What is the hundreds digit of v(g)?
7
Let u = 180 + -186. What is the units digit of 2/u + 141599/267?
0
Suppose 18*k + y = 23*k - 47180, 0 = -4*y + 20. What is the units digit of k?
7
Let s = 8637 - 7490. What is the thousands digit of s?
1
Suppose 0 = 4*o - 4*l - 4, 0 = -5*o - l + 11 + 18. Suppose o*t - 52 + 22 = 0. Suppose -t*k + 117 = -9. What is the tens digit of k?
2
Let f(h) be the second derivative of h**5/4 + 4*h**4 + 2*h**3/3 + 6*h**2 - 80*h. What is the units digit of f(-9)?
9
Let m be (-27)/12*-21 - 4/16. Suppose -442 = -49*i + m*i. What is the tens digit of i?
2
Let a(d) = -d**2 - 9*d + 10. Let k be a(-9). Let v(l) = -2*l**2 + 19*l + 5. Let t be v(k). Let m(x) = -x**3 - 3*x**2 - 2*x + 6. What is the units digit of m(t)?
6
Let x = -2218 - -6249. What is the tens digit of x?
3
Let s be 4/(-8)*0 - -2. Suppose 3*c - 472 = -s*m + 1996, 0 = 2*m - 8. Suppose 70*x - 65*x = c. What is the hundreds digit of x?
1
Let n = 93 - 123. Let i be (108/n)/((-9)/30). What is the tens digit of 2*(-214 - -1)*(-6)/i?
1
Suppose 60 = -19*j + 29*j. Suppose -j*g - 144 + 2298 = 0. What is the tens digit of g?
5
Let g = -170 + 307. Suppose g = -6*l - 1531. What is the units digit of (-8)/12*-3 - l?
0
Let i(j) = 72*j**2 - 640*j - 8222. What is the thousands digit of i(-13)?
2
Let p be ((-1756)/5)/((-14)/35). Let i = p - 401. What is the